alculate i(3).
-23
Let d(a) = a**2 - 11*a - 15. Give d(11).
-15
Let f(j) = -j. Determine f(-1).
1
Let k(y) = y**2 - 3*y - 9. What is k(6)?
9
Let z(y) = -y**2 + 5*y - 4. Determine z(5).
-4
Let u(q) = -q**2 + 26*q + 673. Calculate u(42).
1
Let t(w) = -w**3 + 18*w**2 + 64*w - 23. Give t(21).
-2
Let t(a) = 7*a**2 - 1. Give t(2).
27
Let g(j) = -4*j - 4. Calculate g(4).
-20
Let x(a) = -a**3 + 2*a**2 + 10*a - 9. Calculate x(3).
12
Let n(y) = -6*y + 17. What is n(3)?
-1
Let s(c) = 2*c + 16. Give s(-7).
2
Let c(d) = -3*d + 31. What is c(9)?
4
Let r(m) = -15*m + 506. Calculate r(33).
11
Let m(s) = s**2 + 21*s + 111. Determine m(-12).
3
Let v(a) = a**2 - 2*a - 38. What is v(6)?
-14
Let z(m) = 121*m + 2052. Determine z(-17).
-5
Let q(o) = -2*o + 14. Determine q(10).
-6
Let p(s) = -14*s - 7. Determine p(-1).
7
Let s(x) = 4*x**2 - 1. Determine s(2).
15
Let i(c) = -c**3 - 7*c**2 + c + 8. Calculate i(-7).
1
Let g(y) = -9*y + 21. Give g(3).
-6
Let a(c) = c**2 + c + 2. Calculate a(2).
8
Let t(v) = v**3 - 6*v**2 - 8*v + 4. Give t(6).
-44
Let j(t) = t**3 + 6*t**2 + 6*t - 2. Determine j(-5).
-7
Let x(d) = 80*d + 477. Calculate x(-6).
-3
Let h(j) = j**3 + 6*j**2 - 7*j - 7. Calculate h(-7).
-7
Let g(d) = -d**3 - 6*d**2 + 8*d - 16. What is g(-7)?
-23
Let a(i) = -i**3 - 12*i**2 - 15*i + 7. Determine a(-10).
-43
Let z(l) = 3*l**2 + 14*l - 1. Give z(-4).
-9
Let b(y) = 2*y**2 + 11*y - 5. Calculate b(-6).
1
Let z(j) = -j**3 - j**2 - 23. Give z(-4).
25
Let b(d) = d**3 + d + 5. Give b(0).
5
Let v(s) = -2*s + 26. Give v(12).
2
Let s(m) = -m**2 - 5*m - 1. Determine s(-2).
5
Let j(r) = -2*r**2 + 42*r + 15. Calculate j(21).
15
Let t(q) = -q**3 - 8*q**2 - 16*q - 12. What is t(-5)?
-7
Let y(d) = -d**3 + 8*d**2 + 3. What is y(8)?
3
Let a(j) = j**3 + 25*j**2 - 41*j + 342. Give a(-27).
-9
Let b(x) = -8*x**2 - 9*x - 15. Give b(-3).
-60
Let h(v) = v**3 + 29*v**2 + 29*v + 60. Determine h(-28).
32
Let q(b) = 22*b**2 + 4*b + 4. Determine q(-1).
22
Let j(b) = b**3 - 14*b**2 - b + 7. Determine j(14).
-7
Let g(b) = b**3 + b**2 - 6*b - 1. Calculate g(-3).
-1
Let r(m) = -4*m + 89. What is r(22)?
1
Let r(k) = -76*k - 678. Determine r(-9).
6
Let i(q) = -q**3 + 12*q**2 - q - 4. Give i(5).
166
Let m(z) = -z - 2. Calculate m(-11).
9
Let w(b) = -2*b + 1. What is w(-2)?
5
Let t(m) = -4*m**2 + 22*m. What is t(6)?
-12
Let n(c) = -c**3 + 21*c**2 - 14. Calculate n(21).
-14
Let x(n) = -n**2 - 34*n - 57. Determine x(-33).
-24
Let q(j) = j**3 + 10*j**2 + 11*j + 13. Give q(-9).
-5
Let s(m) = -m**2 + 27*m + 100. Determine s(31).
-24
Let q(g) = -3*g + 19. Give q(17).
-32
Let t(o) = o**3 + 8*o**2 + 8*o + 5. Determine t(-6).
29
Let w(r) = 4*r**2 + 5*r + 3. Calculate w(-1).
2
Let c(v) = -v**3 - 3*v**2 - v - 4. Determine c(-4).
16
Let j(h) = 2*h**2 - 7*h - 7. Calculate j(6).
23
Let d(w) = -13*w + 41. Calculate d(3).
2
Let l(t) = 4*t**2 - 4*t. Calculate l(3).
24
Let y(c) = -18*c + 12. Determine y(-3).
66
Let y(u) = -2*u + 10. Calculate y(7).
-4
Let h(r) = r**3 - 24*r**2 - 4*r - 3. Determine h(24).
-99
Let i(r) = -r**3 - 9*r**2 + 2*r + 20. Give i(-9).
2
Let b(q) = -q**2 + 10*q + 15. Give b(11).
4
Let i(c) = -c**2 + 9*c + 5. Give i(9).
5
Let m(j) = -11*j - 5. Calculate m(-3).
28
Let d(o) = -4*o + 28. Determine d(17).
-40
Let h(n) = -n**3 - 7*n**2 + 12*n + 13. Calculate h(-8).
-19
Let x(y) = y**2 - y + 11. Determine x(-7).
67
Let m(r) = r**3 - 2*r**2 - 2*r + 2. Give m(2).
-2
Let s(b) = -b**3 + 14*b**2 + 7*b - 94. Determine s(14).
4
Let t(y) = -y**2 + 3*y + 3. Calculate t(-2).
-7
Let t(d) = d + 24. Give t(-18).
6
Let z(x) = 14*x - 1. Calculate z(1).
13
Let a(o) = -20*o**2 + 14*o - 3. What is a(1)?
-9
Let b(x) = x**2 + 2*x + 15. Calculate b(0).
15
Let a(m) = 3*m**2 + 10*m + 2. Calculate a(-4).
10
Let a(w) = -w**3 - w**2. Calculate a(-3).
18
Let l(m) = 7*m + 6. Determine l(-2).
-8
Let w(j) = j**3 + 6*j**2 - 5*j + 11. What is w(-7)?
-3
Let c(x) = x**3 - x - 9. Calculate c(0).
-9
Let a(y) = 2*y**2 - 2*y - 133. What is a(-8)?
11
Let q(j) = 3*j + 47. Determine q(-17).
-4
Let x(s) = -2*s**2 - 9*s + 67. Calculate x(6).
-59
Let o(q) = -2*q - 6. Determine o(-7).
8
Let q(w) = -2*w**2 + 30*w + 16. What is q(15)?
16
Let l(c) = -6*c + 6. What is l(8)?
-42
Let l(f) = 54*f - 45. Determine l(1).
9
Let r(u) = -u**3 - 18*u**2 - 56*u + 9. Calculate r(-14).
9
Let q(a) = -a**3 + 3*a**2 + 5*a + 3. Determine q(4).
7
Let x(q) = -10*q - 92. Determine x(-10).
8
Let k(r) = 3*r**2 + 36*r - 19. Determine k(-13).
20
Let p(z) = -z**3 - z**2 + 20*z + 4. Give p(0).
4
Let z(c) = -67*c - 270. What is z(-4)?
-2
Let v(j) = j - 2. Give v(8).
6
Let q(h) = -h**2 - 14*h - 35. Determine q(-3).
-2
Let r(y) = -y**2 + 4*y + 1. Calculate r(3).
4
Let l(z) = 2*z**3 - 9*z**2 + 4*z + 9. Give l(6).
141
Let v(f) = -10*f - 139. Determine v(-14).
1
Let q(c) = -18*c - 3. Give q(-3).
51
Let v(h) = -4*h**3 + h**2 + h + 2. Determine v(-3).
116
Let x(r) = 2*r**3 + r - 2. What is x(2)?
16
Let k(o) = -o**2 - 10*o + 65. Give k(7).
-54
Let j(w) = 5*w - 149. Determine j(31).
6
Let l(z) = -z**2 - 8*z - 2. Determine l(-6).
10
Let f(l) = 5*l**2 + 3*l - 1. Determine f(2).
25
Let n(a) = a**3 - 9*a**2 - 9*a - 2. Determine n(10).
8
Let b(v) = -v**3 - 2*v**2 - v + 17. Give b(0).
17
Let j(n) = -n - 3. What is j(-14)?
11
Let v(b) = -b**2 - 21*b + 19. Determine v(1).
-3
Let z(o) = o**3 + 10*o**2 - 15*o + 3. Give z(-11).
47
Let h(s) = -5*s**3 - 2*s**2 + 1. Determine h(2).
-47
Let v(s) = -s**3 - 7*s**2 + 4*s - 1. Calculate v(-7).
-29
Let q(j) = j**2 - 50*j + 184. Give q(46).
0
Let x(q) = 24*q + 26. Calculate x(2).
74
Let b(y) = -5*y + 7. What is b(1)?
2
Let u(g) = -15*g**2 + 26*g - 25. What is u(1)?
-14
Let o(t) = 2*t - 3. Give o(2).
1
Let c(n) = 7*n + 2. Calculate c(-8).
-54
Let g(p) = 2*p**3 - 7*p**2 + 4*p - 4. Calculate g(3).
-1
Let z(g) = 7*g + 8. What is z(-13)?
-83
Let g(r) = -10*r**2 - r - 1. Calculate g(2).
-43
Let v(g) = -3*g**3 - 6*g**2 + 2*g + 3. Determine v(-2).
-1
Let c(d) = -d**3 - 5*d**2 - 1. Determine c(0).
-1
Let g(a) = a**2 - 7*a + 1. Calculate g(11).
45
Let q(g) = -g**3 - 7*g**2 + 9*g + 7. What is q(-8)?
-1
Let w(n) = -n**3 + 17*n**2 + 25*n + 4. Determine w(18).
130
Let f(s) = -13*s**2 - 6*s + 5. Give f(1).
-14
Let r(v) = -v**3 - 6*v**2 + 33*v - 18. Give r(-10).
52
Let g(c) = c + 21. Determine g(-13).
8
Let c(u) = -6*u + 9. Give c(0).
9
Let r(t) = -t**3 - 15*t**2 + 34*t. What is r(-17)?
0
Let q(r) = -8*r**2 + 7*r - 5. Give q(1).
-6
Let f(g) = -g**3 + 7*g**2 + 12. Give f(7).
12
Let o(q) = q**2 + 7*q - 25. Determine o(-12).
35
Let v(s) = s**3 - 8*s**2 - 13*s + 37. What is v(9)?
1
Let x(o) = o**2 - 13*o + 55. Determine x(9).
19
Let v(q) = q**3 + 40*q**2 - 178*q - 108. Give v(-44).
-20
Let n(v) = -5*v**3 + 6*v**2 + 13*v + 5. Give n(3).
-37
Let n(o) = o**3 + 5*o**2 + 7*o + 6. Give n(-4).
-6
Let b(a) = a**2 - 8*a + 7. Determine b(3).
-8
Let n(h) = -h**3 + 7*h**2 + 8*h - 1. Calculate n(8).
-1
Let u(r) = r**2 + 8*r - 8. Calculate u(-9).
1
Let j(g) = g**3 - 6*g**2 + 2*g. Give j(6).
12
Let b(d) = -10*d - 245. Determine b(-23).
-15
Let v(p) = -15*p + 55. What is v(9)?
-80
Let h(d) = d**3 - d**2 - 6*d + 5. Calculate h(3).
5
Let j(k) = k**3 + 16*k**2 + 32*k + 33. Determine j(-14).
-23
Let q(g) = -23*g - 5. Give q(-2).
41
Let l(m) = m**2 + 10*m + 7. What is l(-9)?
-2
Let s(o) = o**3 + 7*o**2 + 6*o + 5. What is s(-6)?
5
Let w(r) = -r**2 - 5*r + 1. Determine w(-5).
1
Let y(n) = n**3 + 2*n**2 - 51*n - 15. Determine y(-8).
9
Let l(h) = -50*h - 449. What is l(-9)?
1
Let h(f) = -f**3 - 7*f**2 - 7*f + 3. Give h(-7).
52
Let x(y) = -y**3 + 11*y**2 - 9*y + 10. Calculate x(10).
20
Let t(u) = -2*u**2 + 44*u - 43. Calculate t(21).
-1
Let r(m) = -4*m**3 - 2*m**2 + m - 1. Calculate r(-2).
21
Let d(s) = -s**3 + 13*s**2 - 14*s + 12. What is d(12)?
-12
Let q(m) = m**2 + 4*m + 4. Determine q(-5).
9
Let d(c) = c**2 + 2*c - 21. Calculate d(-6).
3
Let t(a) = -a**2 - 12*a - 16. Give t(-11).
-5
Let r(o) = o**2 + 6*o - 26. Calculate r(-8).
-10
Let i(a) = a**2 + 2*a - 18. Give i(4).
6
Let k(b) = -2*b**2 - 3*b - 19. Determine k(-5).
-54
Let h(w) = -3*w**2 - 7. Determine h(-4).
-55
Let j(i) = i + 2. Calculate j(-5).
-3
Let n(z) = z**3 + 7*z**2 - 39*z - 84. Give n(-10).
6
Let q(d) = 6*d**3 - 2*d**2 - 3*d + 1. What is q(-3)?
-170
Let g(j) = 10*j - 184. Calculate g(19).
6
Let k(n) = n**3 - 3*n**2 + 5*n - 3. What is